 the hundreds digit of 182738?
7
What is the units digit of 345761?
1
What is the ten thousands digit of 882761?
8
What is the ten thousands digit of 235650?
3
What is the units digit of 2499268?
8
What is the hundred thousands digit of 145682?
1
What is the units digit of 674146?
6
What is the units digit of 137626?
6
What is the units digit of 617177?
7
What is the ten thousands digit of 19609351?
0
What is the tens digit of 357430?
3
What is the ten thousands digit of 2510588?
1
What is the units digit of 1164676?
6
What is the millions digit of 1196316?
1
What is the ten thousands digit of 2426457?
2
What is the hundred thousands digit of 1643987?
6
What is the ten thousands digit of 2239009?
3
What is the units digit of 29633316?
6
What is the hundreds digit of 3853320?
3
What is the hundreds digit of 1048722?
7
What is the hundred thousands digit of 1711611?
7
What is the hundreds digit of 293682?
6
What is the hundred thousands digit of 1468995?
4
What is the hundreds digit of 591535?
5
What is the ten thousands digit of 5510587?
1
What is the hundred thousands digit of 2763384?
7
What is the millions digit of 1248830?
1
What is the tens digit of 13430852?
5
What is the tens digit of 1208675?
7
What is the millions digit of 1208483?
1
What is the units digit of 26717111?
1
What is the hundred thousands digit of 361305?
3
What is the hundreds digit of 370727?
7
What is the ten thousands digit of 190345?
9
What is the ten thousands digit of 151779?
5
What is the units digit of 555247?
7
What is the hundred thousands digit of 15468301?
4
What is the hundred thousands digit of 20909054?
9
What is the hundred thousands digit of 355092?
3
What is the thousands digit of 574072?
4
What is the thousands digit of 84475?
4
What is the hundreds digit of 7614872?
8
What is the units digit of 133?
3
What is the thousands digit of 54802?
4
What is the millions digit of 25091542?
5
What is the hundreds digit of 157714?
7
What is the hundreds digit of 5019074?
0
What is the hundred thousands digit of 33176171?
1
What is the hundred thousands digit of 7757140?
7
What is the units digit of 3764039?
9
What is the hundreds digit of 97766?
7
What is the hundred thousands digit of 3236163?
2
What is the thousands digit of 924740?
4
What is the thousands digit of 131090?
1
What is the hundred thousands digit of 7247622?
2
What is the units digit of 7307285?
5
What is the hundreds digit of 356762?
7
What is the thousands digit of 7546733?
6
What is the ten thousands digit of 205820?
0
What is the ten thousands digit of 954016?
5
What is the ten thousands digit of 2390881?
9
What is the hundred thousands digit of 1239802?
2
What is the thousands digit of 284784?
4
What is the hundreds digit of 4161005?
0
What is the tens digit of 207199?
9
What is the hundred thousands digit of 547385?
5
What is the hundred thousands digit of 116887?
1
What is the hundred thousands digit of 298293?
2
What is the units digit of 7755134?
4
What is the ten millions digit of 12212115?
1
What is the hundred thousands digit of 114058?
1
What is the tens digit of 210984?
8
What is the hundreds digit of 910714?
7
What is the tens digit of 18529?
2
What is the millions digit of 3202857?
3
What is the units digit of 3955025?
5
What is the tens digit of 1390064?
6
What is the tens digit of 553184?
8
What is the ten thousands digit of 3140934?
4
What is the hundred thousands digit of 266943?
2
What is the thousands digit of 397079?
7
What is the hundred thousands digit of 1447347?
4
What is the units digit of 5109259?
9
What is the hundred thousands digit of 428972?
4
What is the units digit of 2350546?
6
What is the ten thousands digit of 13425186?
2
What is the hundreds digit of 1884564?
5
What is the tens digit of 73742?
4
What is the hundred thousands digit of 16389603?
3
What is the thousands digit of 6984?
6
What is the ten thousands digit of 2303046?
0
What is the millions digit of 1262199?
1
What is the hundred thousands digit of 662998?
6
What is the hundreds digit of 302099?
0
What is the thousands digit of 708668?
8
What is the units digit of 682869?
9
What is the hundreds digit of 10880118?
1
What is the hundred thousands digit of 163515?
1
What is the hundred thousands digit of 376480?
3
What is the tens digit of 938294?
9
What is the units digit of 479292?
2
What is the hundreds digit of 20467322?
3
What is the ten thousands digit of 1070739?
7
What is the millions digit of 5986651?
5
What is the ten thousands digit of 321007?
2
What is the thousands digit of 732009?
2
What is the ten thousands digit of 639358?
3
What is the ten thousands digit of 3665265?
6
What is the ten thousands digit of 8383821?
8
What is the thousands digit of 85597?
5
What is the units digit of 7405327?
7
What is the millions digit of 6995469?
6
What is the hundreds digit of 390022?
0
What is the hundreds digit of 5908900?
9
What is the hundreds digit of 32315347?
3
What is the hundred thousands digit of 444230?
4
What is the tens digit of 659840?
4
What is the thousands digit of 2531955?
1
What is the ten thousands digit of 91546?
9
What is the tens digit of 102480?
8
What is the hundreds digit of 255576?
5
What is the units digit of 23676715?
5
What is the millions digit of 2356836?
2
What is the hundred thousands digit of 183099?
1
What is the tens digit of 205143?
4
What is the hundred thousands digit of 407294?
4
What is the hundred thousands digit of 3205067?
2
What is the hundred thousands digit of 3044516?
0
What is the tens digit of 412445?
4
What is the hundred thousands digit of 25501020?
5
What is the tens digit of 3651293?
9
What is the millions digit of 7173261?
7
What is the hundred thousands digit of 296926?
2
What is the hundred thousands digit of 3996293?
9
What is the millions digit of 2681038?
2
What is the ten millions digit of 11689809?
1
What is the units digit of 29673?
3
What is the ten millions digit of 27914514?
2
What is the hundred thousands digit of 1490943?
4
What is the thousands digit of 4165868?
5
What is the tens digit of 12912008?
0
What is the thousands digit of 147467?
7
What is the units digit of 12295396?
6
What is the ten thousands digit of 3754063?
5
What is the units digit of 222321?
1
What is the tens digit of 1457645?
4
What is the hundreds digit of 2982208?
2
What is the thousands digit of 516282?
6
What is the ten thousands digit of 16256313?
5
What is the hundreds digit of 868553?
5
What is the units digit of 1374515?
5
What is the ten thousands digit of 9396312?
9
What is the hundreds digit of 98174?
1
What is the thousands digit of 447896?
7
What is the tens digit of 820633?
3
What is the units digit of 228841?
1
What is the thousands digit of 3119892?
9
What is the millions digit of 4874630?
4
What is the hundreds digit of 341954?
9
What is the units digit of 260386?
6
What is the hundred thousands digit of 1995007?
9
What is the hundred thousands digit of 2044449?
0
What is the thousands digit of 15008325?
8
What is the hundred thousands digit of 1863461?
8
What is the hundred thousands digit of 3570965?
5
What is the units digit of 6354545?
5
What is the hundred thousands digit of 341442?
3
What is the hundreds digit of 441885?
8
What is the ten thousands digit of 2192980?
9
What is the hundred thousands digit of 719042?
7
What is the tens digit of 3959871?
7
What is the thousands digit of 1320479?
0
What is the units digit of 65939?
9
What is the tens digit of 9796879?
7
What is the units digit of 24222559?
9
What is the millions digit of 1135731?
1
What is the tens digit of 127349?
4
What is the ten thousands digit of 3001300?
0
What is the ten thousands digit of 113671?
1
What is the ten thousands digit of 9781703?
8
What is the ten thousands digit of 16822573?
2
What is the millions digit of 23324728?
3
What is the hundreds digit of 126191?
1
What is the hundred thousands digit of 1313837?
3
What is the hundreds digit of 1915558?
5
What is the units digit of 388995?
5
What is the millions digit of 2609354?
2
What is the thousands digit of 838180?
8
What is the hundreds digit of 5092?
0
What is the tens digit of 17424?
2
What is the hundreds digit of 246167?
1
What is the ten thousands digit of 1520346?
2
What is the units digit of 431901?
1
